[INFO] cloning repository https://github.com/JonathanWoollett-Light/stellaris-performance-test
[INFO] running `Command { std: "git" "-c" "credential.helper=" "-c" "credential.helper=/workspace/cargo-home/bin/git-credential-null" "clone" "--bare" "https://github.com/JonathanWoollett-Light/stellaris-performance-test" "/workspace/cache/git-repos/https%3A%2F%2Fgithub.com%2FJonathanWoollett-Light%2Fstellaris-performance-test", kill_on_drop: false }`
[INFO] [stderr] Cloning into bare repository '/workspace/cache/git-repos/https%3A%2F%2Fgithub.com%2FJonathanWoollett-Light%2Fstellaris-performance-test'...
[INFO] running `Command { std: "git" "rev-parse" "HEAD", kill_on_drop: false }`
[INFO] [stdout] e43f147cc3683f6c43980ebf47816e1af698cc20
[INFO] checking JonathanWoollett-Light/stellaris-performance-test against master#e6e4f7ed1589e03bc2f6c5931c1a72e7947e8682 for beta-170-4
[INFO] running `Command { std: "git" "clone" "/workspace/cache/git-repos/https%3A%2F%2Fgithub.com%2FJonathanWoollett-Light%2Fstellaris-performance-test" "/workspace/builds/worker-2-tc2/source", kill_on_drop: false }`
[INFO] [stderr] Cloning into '/workspace/builds/worker-2-tc2/source'...
[INFO] [stderr] done.
[INFO] validating manifest of git repo https://github.com/JonathanWoollett-Light/stellaris-performance-test on toolchain e6e4f7ed1589e03bc2f6c5931c1a72e7947e8682
[INFO] running `Command { std: CARGO_HOME="/workspace/cargo-home" RUSTUP_HOME="/workspace/rustup-home" "/workspace/cargo-home/bin/cargo" "+e6e4f7ed1589e03bc2f6c5931c1a72e7947e8682" "metadata" "--manifest-path" "Cargo.toml" "--no-deps", kill_on_drop: false }`
[INFO] started tweaking git repo https://github.com/JonathanWoollett-Light/stellaris-performance-test
[INFO] finished tweaking git repo https://github.com/JonathanWoollett-Light/stellaris-performance-test
[INFO] tweaked toml for git repo https://github.com/JonathanWoollett-Light/stellaris-performance-test written to /workspace/builds/worker-2-tc2/source/Cargo.toml
[INFO] crate git repo https://github.com/JonathanWoollett-Light/stellaris-performance-test already has a lockfile, it will not be regenerated
[INFO] running `Command { std: CARGO_HOME="/workspace/cargo-home" RUSTUP_HOME="/workspace/rustup-home" "/workspace/cargo-home/bin/cargo" "+e6e4f7ed1589e03bc2f6c5931c1a72e7947e8682" "fetch" "--manifest-path" "Cargo.toml", kill_on_drop: false }`
[INFO] running `Command { std: "docker" "create" "-v" "/var/lib/crater-agent-workspace/builds/worker-2-tc2/target:/opt/rustwide/target:rw,Z" "-v" "/var/lib/crater-agent-workspace/builds/worker-2-tc2/source:/opt/rustwide/workdir:ro,Z" "-v" "/var/lib/crater-agent-workspace/cargo-home:/opt/rustwide/cargo-home:ro,Z" "-v" "/var/lib/crater-agent-workspace/rustup-home:/opt/rustwide/rustup-home:ro,Z" "-e" "SOURCE_DIR=/opt/rustwide/workdir" "-e" "CARGO_TARGET_DIR=/opt/rustwide/target" "-e" "CARGO_HOME=/opt/rustwide/cargo-home" "-e" "RUSTUP_HOME=/opt/rustwide/rustup-home" "-w" "/opt/rustwide/workdir" "-m" "1610612736" "--user" "0:0" "--network" "none" "ghcr.io/rust-lang/crates-build-env/linux@sha256:19e73879b68f455e41552ea35293514db52ea292d993f571636dbffedb77a1ee" "/opt/rustwide/cargo-home/bin/cargo" "+e6e4f7ed1589e03bc2f6c5931c1a72e7947e8682" "metadata" "--no-deps" "--format-version=1", kill_on_drop: false }`
[INFO] [stdout] 6a3730fab6a1f592df5f916b43d9b65caec2e5e38b6bc1f4be3eab7c41b269dd
[INFO] running `Command { std: "docker" "start" "-a" "6a3730fab6a1f592df5f916b43d9b65caec2e5e38b6bc1f4be3eab7c41b269dd", kill_on_drop: false }`
[INFO] running `Command { std: "docker" "inspect" "6a3730fab6a1f592df5f916b43d9b65caec2e5e38b6bc1f4be3eab7c41b269dd", kill_on_drop: false }`
[INFO] running `Command { std: "docker" "rm" "-f" "6a3730fab6a1f592df5f916b43d9b65caec2e5e38b6bc1f4be3eab7c41b269dd", kill_on_drop: false }`
[INFO] [stdout] 6a3730fab6a1f592df5f916b43d9b65caec2e5e38b6bc1f4be3eab7c41b269dd
[INFO] running `Command { std: "docker" "create" "-v" "/var/lib/crater-agent-workspace/builds/worker-2-tc2/target:/opt/rustwide/target:rw,Z" "-v" "/var/lib/crater-agent-workspace/builds/worker-2-tc2/source:/opt/rustwide/workdir:ro,Z" "-v" "/var/lib/crater-agent-workspace/cargo-home:/opt/rustwide/cargo-home:ro,Z" "-v" "/var/lib/crater-agent-workspace/rustup-home:/opt/rustwide/rustup-home:ro,Z" "-e" "SOURCE_DIR=/opt/rustwide/workdir" "-e" "CARGO_TARGET_DIR=/opt/rustwide/target" "-e" "CARGO_INCREMENTAL=0" "-e" "RUST_BACKTRACE=full" "-e" "RUSTFLAGS=--cap-lints=forbid" "-e" "RUSTDOCFLAGS=--cap-lints=forbid" "-e" "CARGO_HOME=/opt/rustwide/cargo-home" "-e" "RUSTUP_HOME=/opt/rustwide/rustup-home" "-w" "/opt/rustwide/workdir" "-m" "1610612736" "--user" "0:0" "--network" "none" "ghcr.io/rust-lang/crates-build-env/linux@sha256:19e73879b68f455e41552ea35293514db52ea292d993f571636dbffedb77a1ee" "/opt/rustwide/cargo-home/bin/cargo" "+e6e4f7ed1589e03bc2f6c5931c1a72e7947e8682" "check" "--frozen" "--all" "--all-targets" "--message-format=json", kill_on_drop: false }`
[INFO] [stdout] 3f2ad70dbbba8f7e8eb95bb47a9c5c07ca5a1301a1ecba44eefd5b1f741b089c
[INFO] running `Command { std: "docker" "start" "-a" "3f2ad70dbbba8f7e8eb95bb47a9c5c07ca5a1301a1ecba44eefd5b1f741b089c", kill_on_drop: false }`
[INFO] [stderr]    Compiling proc-macro2 v1.0.18
[INFO] [stderr]    Compiling autocfg v1.0.0
[INFO] [stderr]    Compiling libc v0.2.71
[INFO] [stderr]    Compiling unicode-xid v0.2.0
[INFO] [stderr]    Compiling syn v1.0.32
[INFO] [stderr]     Checking cfg-if v0.1.10
[INFO] [stderr]    Compiling serde_derive v1.0.113
[INFO] [stderr]     Checking slab v0.4.2
[INFO] [stderr]    Compiling serde v1.0.113
[INFO] [stderr]    Compiling ryu v1.0.5
[INFO] [stderr]    Compiling log v0.4.8
[INFO] [stderr]    Compiling memchr v2.3.3
[INFO] [stderr]    Compiling pin-project-internal v0.4.22
[INFO] [stderr]    Compiling serde_json v1.0.55
[INFO] [stderr]    Compiling getrandom v0.1.14
[INFO] [stderr]     Checking futures-core v0.3.5
[INFO] [stderr]    Compiling proc-macro-nested v0.1.6
[INFO] [stderr]    Compiling semver-parser v0.7.0
[INFO] [stderr]    Compiling proc-macro-hack v0.5.16
[INFO] [stderr]     Checking futures-sink v0.3.5
[INFO] [stderr]     Checking once_cell v1.4.0
[INFO] [stderr]    Compiling semver v0.9.0
[INFO] [stderr]     Checking arc-swap v0.4.7
[INFO] [stderr]    Compiling itoa v0.4.6
[INFO] [stderr]     Checking futures-task v0.3.5
[INFO] [stderr]     Checking futures-channel v0.3.5
[INFO] [stderr]     Checking scopeguard v1.1.0
[INFO] [stderr]     Checking pin-utils v0.1.0
[INFO] [stderr]     Checking lazy_static v1.4.0
[INFO] [stderr]    Compiling num-traits v0.2.12
[INFO] [stderr]    Compiling num-integer v0.1.43
[INFO] [stderr]    Compiling num-bigint v0.2.6
[INFO] [stderr]    Compiling num-iter v0.1.41
[INFO] [stderr]    Compiling num-rational v0.2.4
[INFO] [stderr]    Compiling num-complex v0.2.4
[INFO] [stderr]    Compiling rustc_version v0.2.3
[INFO] [stderr]     Checking smallvec v1.4.0
[INFO] [stderr]    Compiling bitflags v1.2.1
[INFO] [stderr]     Checking futures-io v0.3.5
[INFO] [stderr]    Compiling arrayvec v0.4.12
[INFO] [stderr]     Checking lock_api v0.3.4
[INFO] [stderr]     Checking nodrop v0.1.14
[INFO] [stderr]     Checking ppv-lite86 v0.2.8
[INFO] [stderr]     Checking pin-project-lite v0.1.7
[INFO] [stderr]     Checking bytes v0.5.5
[INFO] [stderr]     Checking fnv v1.0.7
[INFO] [stderr]     Checking half v1.6.0
[INFO] [stderr]    Compiling quote v1.0.7
[INFO] [stderr]     Checking iovec v0.1.4
[INFO] [stderr]     Checking net2 v0.2.34
[INFO] [stderr]     Checking signal-hook-registry v1.2.0
[INFO] [stderr]     Checking num_cpus v1.13.0
[INFO] [stderr]     Checking parking_lot_core v0.7.2
[INFO] [stderr]     Checking rand_core v0.5.1
[INFO] [stderr]     Checking mio v0.6.22
[INFO] [stderr]     Checking parking_lot v0.10.2
[INFO] [stderr]     Checking rand_chacha v0.2.2
[INFO] [stderr]     Checking num-format v0.4.0
[INFO] [stderr]     Checking rand v0.7.3
[INFO] [stderr]     Checking signal-hook v0.1.16
[INFO] [stderr]     Checking mio-uds v0.6.8
[INFO] [stderr]     Checking crossterm v0.17.5
[INFO] [stderr]     Checking num v0.2.1
[INFO] [stderr]    Compiling futures-macro v0.3.5
[INFO] [stderr]    Compiling tokio-macros v0.2.5
[INFO] [stderr]     Checking tokio v0.2.21
[INFO] [stderr]     Checking pin-project v0.4.22
[INFO] [stderr]     Checking futures-util v0.3.5
[INFO] [stderr]     Checking futures-executor v0.3.5
[INFO] [stderr]     Checking futures v0.3.5
[INFO] [stderr]    Compiling arrayfire v3.7.0
[INFO] [stderr]     Checking stellaris-performance-test v0.1.0 (/opt/rustwide/workdir)
[INFO] [stdout] error: expected expression, found `let` statement
[INFO] [stdout]    --> src/empire_optimization.rs:113:9
[INFO] [stdout]     |
[INFO] [stdout] 113 |         let compressed_employability_mask = species_employability_mask * empire_species_employability_mask;
[INFO] [stdout]     |         ^^^
[INFO] [stdout] 
[INFO] [stdout] 
[INFO] [stdout] error: expected `;`, found keyword `let`
[INFO] [stdout]    --> src/empire_optimization.rs:118:89
[INFO] [stdout]     |
[INFO] [stdout] 118 |         let multiplied_production = mul(&summed_production,compressed_species_muls,true)
[INFO] [stdout]     |                                                                                         ^ help: add `;` here
[INFO] [stdout] ...
[INFO] [stdout] 121 |         let imerial_market_values = &self.modifier.multiplier * market_values;
[INFO] [stdout]     |         --- unexpected token
[INFO] [stdout] 
[INFO] [stdout] 
[INFO] [stdout] error: expected expression, found `let` statement
[INFO] [stdout]    --> src/empire_optimization.rs:113:9
[INFO] [stdout]     |
[INFO] [stdout] 113 |         let compressed_employability_mask = species_employability_mask * empire_species_employability_mask;
[INFO] [stdout]     |         ^^^
[INFO] [stdout] 
[INFO] [stdout] 
[INFO] [stdout] error: expected `;`, found keyword `let`
[INFO] [stdout]    --> src/empire_optimization.rs:118:89
[INFO] [stdout]     |
[INFO] [stdout] 118 |         let multiplied_production = mul(&summed_production,compressed_species_muls,true)
[INFO] [stdout]     |                                                                                         ^ help: add `;` here
[INFO] [stdout] ...
[INFO] [stdout] 121 |         let imerial_market_values = &self.modifier.multiplier * market_values;
[INFO] [stdout]     |         --- unexpected token
[INFO] [stdout] 
[INFO] [stdout] 
[INFO] [stdout] error: `let` expressions are not supported here
[INFO] [stdout]    --> src/empire_optimization.rs:113:9
[INFO] [stdout]     |
[INFO] [stdout] 113 |         let compressed_employability_mask = species_employability_mask * empire_species_employability_mask;
[INFO] [stdout]     |         ^^^^^^^^^^^^^^^^^^^^^^^^^^^^^^^^^^^^^^^^^^^^^^^^^^^^^^^^^^^^^^^^^^^^^^^^^^^^^^^^^^^^^^^^^^^^^^^^^^
[INFO] [stdout]     |
[INFO] [stdout]     = note: only supported directly in conditions of `if` and `while` expressions
[INFO] [stdout] 
[INFO] [stdout] 
[INFO] [stdout] error: `let` expressions are not supported here
[INFO] [stdout]    --> src/empire_optimization.rs:113:9
[INFO] [stdout]     |
[INFO] [stdout] 113 |         let compressed_employability_mask = species_employability_mask * empire_species_employability_mask;
[INFO] [stdout]     |         ^^^^^^^^^^^^^^^^^^^^^^^^^^^^^^^^^^^^^^^^^^^^^^^^^^^^^^^^^^^^^^^^^^^^^^^^^^^^^^^^^^^^^^^^^^^^^^^^^^
[INFO] [stdout]     |
[INFO] [stdout]     = note: only supported directly in conditions of `if` and `while` expressions
[INFO] [stdout] 
[INFO] [stdout] 
[INFO] [stdout] error[E0425]: cannot find value `job_adjusted` in this scope
[INFO] [stdout]    --> src/empire_optimization.rs:126:36
[INFO] [stdout]     |
[INFO] [stdout] 126 |         let market_adjusted = mul(&job_adjusted,&imerial_market_values,true);
[INFO] [stdout]     |                                    ^^^^^^^^^^^^ not found in this scope
[INFO] [stdout] 
[INFO] [stdout] 
[INFO] [stdout] error[E0425]: cannot find value `compressed_species_mods_arr` in this scope
[INFO] [stdout]    --> src/empire_optimization.rs:136:14
[INFO] [stdout]     |
[INFO] [stdout] 136 |             &compressed_species_mods_arr,
[INFO] [stdout]     |              ^^^^^^^^^^^^^^^^^^^^^^^^^^^ help: a local variable with a similar name exists: `compressed_species_adds`
[INFO] [stdout] 
[INFO] [stdout] 
[INFO] [stdout] error[E0658]: `let` expressions in this position are unstable
[INFO] [stdout]    --> src/empire_optimization.rs:113:9
[INFO] [stdout]     |
[INFO] [stdout] 113 |         let compressed_employability_mask = species_employability_mask * empire_species_employability_mask;
[INFO] [stdout]     |         ^^^^^^^^^^^^^^^^^^^^^^^^^^^^^^^^^^^^^^^^^^^^^^^^^^^^^^^^^^^^^^^^^^^^^^^^^^^^^^^^^^^^^^^^^^^^^^^^^^
[INFO] [stdout]     |
[INFO] [stdout]     = note: see issue #53667 <https://github.com/rust-lang/rust/issues/53667> for more information
[INFO] [stdout]     = help: add `#![feature(let_chains)]` to the crate attributes to enable
[INFO] [stdout] 
[INFO] [stdout] 
[INFO] [stdout] warning: unused import: `HashSet`
[INFO] [stdout]  --> src/main.rs:6:27
[INFO] [stdout]   |
[INFO] [stdout] 6 |     collections::{HashMap,HashSet}
[INFO] [stdout]   |                           ^^^^^^^
[INFO] [stdout]   |
[INFO] [stdout]   = note: `#[warn(unused_imports)]` on by default
[INFO] [stdout] 
[INFO] [stdout] 
[INFO] [stdout] warning: unused import: `reorder_v2`
[INFO] [stdout]  --> src/empire_optimization.rs:1:67
[INFO] [stdout]   |
[INFO] [stdout] 1 | use arrayfire::{add,reorder,Array,Dim4,mul,MatProp,join_many,tile,reorder_v2};
[INFO] [stdout]   |                                                                   ^^^^^^^^^^
[INFO] [stdout] 
[INFO] [stdout] 
[INFO] [stdout] warning: unused import: `NUMBER_OF_RESOURCES`
[INFO] [stdout]  --> src/empire_optimization.rs:7:5
[INFO] [stdout]   |
[INFO] [stdout] 7 |     NUMBER_OF_RESOURCES,JOBS_MAX
[INFO] [stdout]   |     ^^^^^^^^^^^^^^^^^^^
[INFO] [stdout] 
[INFO] [stdout] 
[INFO] [stdout] error[E0425]: cannot find value `job_adjusted` in this scope
[INFO] [stdout]    --> src/empire_optimization.rs:126:36
[INFO] [stdout]     |
[INFO] [stdout] 126 |         let market_adjusted = mul(&job_adjusted,&imerial_market_values,true);
[INFO] [stdout]     |                                    ^^^^^^^^^^^^ not found in this scope
[INFO] [stdout] 
[INFO] [stdout] 
[INFO] [stdout] error[E0425]: cannot find value `compressed_species_mods_arr` in this scope
[INFO] [stdout]    --> src/empire_optimization.rs:136:14
[INFO] [stdout]     |
[INFO] [stdout] 136 |             &compressed_species_mods_arr,
[INFO] [stdout]     |              ^^^^^^^^^^^^^^^^^^^^^^^^^^^ help: a local variable with a similar name exists: `compressed_species_adds`
[INFO] [stdout] 
[INFO] [stdout] 
[INFO] [stdout] error[E0658]: `let` expressions in this position are unstable
[INFO] [stdout]    --> src/empire_optimization.rs:113:9
[INFO] [stdout]     |
[INFO] [stdout] 113 |         let compressed_employability_mask = species_employability_mask * empire_species_employability_mask;
[INFO] [stdout]     |         ^^^^^^^^^^^^^^^^^^^^^^^^^^^^^^^^^^^^^^^^^^^^^^^^^^^^^^^^^^^^^^^^^^^^^^^^^^^^^^^^^^^^^^^^^^^^^^^^^^
[INFO] [stdout]     |
[INFO] [stdout]     = note: see issue #53667 <https://github.com/rust-lang/rust/issues/53667> for more information
[INFO] [stdout]     = help: add `#![feature(let_chains)]` to the crate attributes to enable
[INFO] [stdout] 
[INFO] [stdout] 
[INFO] [stdout] warning: unused import: `HashSet`
[INFO] [stdout]  --> src/main.rs:6:27
[INFO] [stdout]   |
[INFO] [stdout] 6 |     collections::{HashMap,HashSet}
[INFO] [stdout]   |                           ^^^^^^^
[INFO] [stdout]   |
[INFO] [stdout]   = note: `#[warn(unused_imports)]` on by default
[INFO] [stdout] 
[INFO] [stdout] 
[INFO] [stdout] warning: use of deprecated function `arrayfire::reorder`: Please use new reorder API
[INFO] [stdout]  --> src/empire_optimization.rs:1:21
[INFO] [stdout]   |
[INFO] [stdout] 1 | use arrayfire::{add,reorder,Array,Dim4,mul,MatProp,join_many,tile,reorder_v2};
[INFO] [stdout]   |                     ^^^^^^^
[INFO] [stdout]   |
[INFO] [stdout]   = note: `#[warn(deprecated)]` on by default
[INFO] [stdout] 
[INFO] [stdout] 
[INFO] [stdout] warning: unused import: `reorder_v2`
[INFO] [stdout]  --> src/empire_optimization.rs:1:67
[INFO] [stdout]   |
[INFO] [stdout] 1 | use arrayfire::{add,reorder,Array,Dim4,mul,MatProp,join_many,tile,reorder_v2};
[INFO] [stdout]   |                                                                   ^^^^^^^^^^
[INFO] [stdout] 
[INFO] [stdout] 
[INFO] [stdout] warning: use of deprecated function `arrayfire::reorder`: Please use new reorder API
[INFO] [stdout]    --> src/empire_optimization.rs:116:39
[INFO] [stdout]     |
[INFO] [stdout] 116 |         let reorderd_job_production = reorder(&tiled_job_production,Dim4::new(&[0,2,1,3]));
[INFO] [stdout]     |                                       ^^^^^^^
[INFO] [stdout] 
[INFO] [stdout] 
[INFO] [stdout] warning: unused import: `NUMBER_OF_RESOURCES`
[INFO] [stdout]  --> src/empire_optimization.rs:7:5
[INFO] [stdout]   |
[INFO] [stdout] 7 |     NUMBER_OF_RESOURCES,JOBS_MAX
[INFO] [stdout]   |     ^^^^^^^^^^^^^^^^^^^
[INFO] [stdout] 
[INFO] [stdout] 
[INFO] [stdout] warning: use of deprecated function `arrayfire::reorder`: Please use new reorder API
[INFO] [stdout]  --> src/empire_optimization.rs:1:21
[INFO] [stdout]   |
[INFO] [stdout] 1 | use arrayfire::{add,reorder,Array,Dim4,mul,MatProp,join_many,tile,reorder_v2};
[INFO] [stdout]   |                     ^^^^^^^
[INFO] [stdout]   |
[INFO] [stdout]   = note: `#[warn(deprecated)]` on by default
[INFO] [stdout] 
[INFO] [stdout] 
[INFO] [stdout] warning: use of deprecated function `arrayfire::reorder`: Please use new reorder API
[INFO] [stdout]    --> src/empire_optimization.rs:116:39
[INFO] [stdout]     |
[INFO] [stdout] 116 |         let reorderd_job_production = reorder(&tiled_job_production,Dim4::new(&[0,2,1,3]));
[INFO] [stdout]     |                                       ^^^^^^^
[INFO] [stdout] 
[INFO] [stdout] 
[INFO] [stdout] error[E0277]: the trait bound `empire::EmpireJob: std::marker::Copy` is not satisfied
[INFO] [stdout]   --> src/empire.rs:21:58
[INFO] [stdout]    |
[INFO] [stdout] 21 |         let mut empire_jobs_arr: [EmpireJob;JOBS_MAX] = [EmpireJob::default();JOBS_MAX];
[INFO] [stdout]    |                                                          ^^^^^^^^^^^^^^^^^^^^ the trait `std::marker::Copy` is not implemented for `empire::EmpireJob`
[INFO] [stdout]    |
[INFO] [stdout]    = note: the `Copy` trait is required because this value will be copied for each element of the array
[INFO] [stdout] 
[INFO] [stdout] 
[INFO] [stdout] error[E0277]: the trait bound `empire::EmpireJob: std::marker::Copy` is not satisfied
[INFO] [stdout]   --> src/empire.rs:21:58
[INFO] [stdout]    |
[INFO] [stdout] 21 |         let mut empire_jobs_arr: [EmpireJob;JOBS_MAX] = [EmpireJob::default();JOBS_MAX];
[INFO] [stdout]    |                                                          ^^^^^^^^^^^^^^^^^^^^ the trait `std::marker::Copy` is not implemented for `empire::EmpireJob`
[INFO] [stdout]    |
[INFO] [stdout]    = note: the `Copy` trait is required because this value will be copied for each element of the array
[INFO] [stdout] 
[INFO] [stdout] 
[INFO] [stdout] error[E0308]: mismatched types
[INFO] [stdout]   --> src/empire.rs:33:47
[INFO] [stdout]    |
[INFO] [stdout] 33 |             let planet = Planet::new(&mut rng,&self.jobs,&self.species);
[INFO] [stdout]    |                          -----------          ^^^^^^^^^^ expected `&Vec<EmpireJob>`, found `&[EmpireJob; 40]`
[INFO] [stdout]    |                          |
[INFO] [stdout]    |                          arguments to this function are incorrect
[INFO] [stdout]    |
[INFO] [stdout]    = note: expected reference `&Vec<empire::EmpireJob>`
[INFO] [stdout]               found reference `&[empire::EmpireJob; 40]`
[INFO] [stdout] note: associated function defined here
[INFO] [stdout]   --> src/empire.rs:95:12
[INFO] [stdout]    |
[INFO] [stdout] 95 |     pub fn new(rng:&mut ThreadRng,empire_jobs: &Vec<EmpireJob>,empire_species: &Vec<EmpireSpecies>) -> Self {
[INFO] [stdout]    |            ^^^                    ----------------------------
[INFO] [stdout] 
[INFO] [stdout] 
[INFO] [stdout] error[E0308]: mismatched types
[INFO] [stdout]   --> src/empire.rs:33:47
[INFO] [stdout]    |
[INFO] [stdout] 33 |             let planet = Planet::new(&mut rng,&self.jobs,&self.species);
[INFO] [stdout]    |                          -----------          ^^^^^^^^^^ expected `&Vec<EmpireJob>`, found `&[EmpireJob; 40]`
[INFO] [stdout]    |                          |
[INFO] [stdout]    |                          arguments to this function are incorrect
[INFO] [stdout]    |
[INFO] [stdout]    = note: expected reference `&Vec<empire::EmpireJob>`
[INFO] [stdout]               found reference `&[empire::EmpireJob; 40]`
[INFO] [stdout] note: associated function defined here
[INFO] [stdout]   --> src/empire.rs:95:12
[INFO] [stdout]    |
[INFO] [stdout] 95 |     pub fn new(rng:&mut ThreadRng,empire_jobs: &Vec<EmpireJob>,empire_species: &Vec<EmpireSpecies>) -> Self {
[INFO] [stdout]    |            ^^^                    ----------------------------
[INFO] [stdout] 
[INFO] [stdout] 
[INFO] [stdout] error[E0277]: cannot add `bool` to `&_`
[INFO] [stdout]    --> src/empire_optimization.rs:110:61
[INFO] [stdout]     |
[INFO] [stdout] 110 |         let compressed_multiplier = compressed_species_muls + 
[INFO] [stdout]     |                                                             ^ no implementation for `&_ + bool`
[INFO] [stdout]     |
[INFO] [stdout]     = help: the trait `Add<bool>` is not implemented for `&_`
[INFO] [stdout] 
[INFO] [stdout] 
[INFO] [stdout] error[E0609]: no field `jobs` on type `&mut EmpireOptimization`
[INFO] [stdout]    --> src/empire_optimization.rs:128:37
[INFO] [stdout]     |
[INFO] [stdout] 128 |         let dims = Dim4::new(&[self.jobs.len() as u64, self.species.len() as u64, 1, 1]);
[INFO] [stdout]     |                                     ^^^^ unknown field
[INFO] [stdout]     |
[INFO] [stdout]     = note: available fields are: `planets`, `modifier`, `empire_species`, `empire_jobs`
[INFO] [stdout] 
[INFO] [stdout] 
[INFO] [stdout] error[E0609]: no field `species` on type `&mut EmpireOptimization`
[INFO] [stdout]    --> src/empire_optimization.rs:128:61
[INFO] [stdout]     |
[INFO] [stdout] 128 |         let dims = Dim4::new(&[self.jobs.len() as u64, self.species.len() as u64, 1, 1]);
[INFO] [stdout]     |                                                             ^^^^^^^ unknown field
[INFO] [stdout]     |
[INFO] [stdout]     = note: available fields are: `planets`, `modifier`, `empire_species`, `empire_jobs`
[INFO] [stdout] 
[INFO] [stdout] 
[INFO] [stdout] error[E0277]: cannot add `bool` to `&_`
[INFO] [stdout]    --> src/empire_optimization.rs:110:61
[INFO] [stdout]     |
[INFO] [stdout] 110 |         let compressed_multiplier = compressed_species_muls + 
[INFO] [stdout]     |                                                             ^ no implementation for `&_ + bool`
[INFO] [stdout]     |
[INFO] [stdout]     = help: the trait `Add<bool>` is not implemented for `&_`
[INFO] [stdout] 
[INFO] [stdout] 
[INFO] [stdout] error[E0609]: no field `jobs` on type `&mut EmpireOptimization`
[INFO] [stdout]    --> src/empire_optimization.rs:142:38
[INFO] [stdout]     |
[INFO] [stdout] 142 |         let ids:Vec<EOrd> = (0..self.jobs.len() * self.species.len()).map(
[INFO] [stdout]     |                                      ^^^^ unknown field
[INFO] [stdout]     |
[INFO] [stdout]     = note: available fields are: `planets`, `modifier`, `empire_species`, `empire_jobs`
[INFO] [stdout] 
[INFO] [stdout] 
[INFO] [stdout] error[E0609]: no field `species` on type `&mut EmpireOptimization`
[INFO] [stdout]    --> src/empire_optimization.rs:142:56
[INFO] [stdout]     |
[INFO] [stdout] 142 |         let ids:Vec<EOrd> = (0..self.jobs.len() * self.species.len()).map(
[INFO] [stdout]     |                                                        ^^^^^^^ unknown field
[INFO] [stdout]     |
[INFO] [stdout]     = note: available fields are: `planets`, `modifier`, `empire_species`, `empire_jobs`
[INFO] [stdout] 
[INFO] [stdout] 
[INFO] [stdout] error[E0609]: no field `jobs` on type `&mut EmpireOptimization`
[INFO] [stdout]    --> src/empire_optimization.rs:144:30
[INFO] [stdout]     |
[INFO] [stdout] 144 |                 job_id: self.jobs[indx % self.jobs.len()].job.id,
[INFO] [stdout]     |                              ^^^^ unknown field
[INFO] [stdout]     |
[INFO] [stdout]     = note: available fields are: `planets`, `modifier`, `empire_species`, `empire_jobs`
[INFO] [stdout] 
[INFO] [stdout] 
[INFO] [stdout] error[E0609]: no field `jobs` on type `&mut EmpireOptimization`
[INFO] [stdout]    --> src/empire_optimization.rs:128:37
[INFO] [stdout]     |
[INFO] [stdout] 128 |         let dims = Dim4::new(&[self.jobs.len() as u64, self.species.len() as u64, 1, 1]);
[INFO] [stdout]     |                                     ^^^^ unknown field
[INFO] [stdout]     |
[INFO] [stdout]     = note: available fields are: `planets`, `modifier`, `empire_species`, `empire_jobs`
[INFO] [stdout] 
[INFO] [stdout] 
[INFO] [stdout] error[E0609]: no field `species` on type `&mut EmpireOptimization`
[INFO] [stdout]    --> src/empire_optimization.rs:128:61
[INFO] [stdout]     |
[INFO] [stdout] 128 |         let dims = Dim4::new(&[self.jobs.len() as u64, self.species.len() as u64, 1, 1]);
[INFO] [stdout]     |                                                             ^^^^^^^ unknown field
[INFO] [stdout]     |
[INFO] [stdout]     = note: available fields are: `planets`, `modifier`, `empire_species`, `empire_jobs`
[INFO] [stdout] 
[INFO] [stdout] 
[INFO] [stdout] error[E0609]: no field `jobs` on type `&mut EmpireOptimization`
[INFO] [stdout]    --> src/empire_optimization.rs:144:47
[INFO] [stdout]     |
[INFO] [stdout] 144 |                 job_id: self.jobs[indx % self.jobs.len()].job.id,
[INFO] [stdout]     |                                               ^^^^ unknown field
[INFO] [stdout]     |
[INFO] [stdout]     = note: available fields are: `planets`, `modifier`, `empire_species`, `empire_jobs`
[INFO] [stdout] 
[INFO] [stdout] 
[INFO] [stdout] error[E0609]: no field `species` on type `&mut EmpireOptimization`
[INFO] [stdout]    --> src/empire_optimization.rs:145:34
[INFO] [stdout]     |
[INFO] [stdout] 145 |                 species_id: self.species[indx / self.jobs.len()].species.id
[INFO] [stdout]     |                                  ^^^^^^^ unknown field
[INFO] [stdout]     |
[INFO] [stdout]     = note: available fields are: `planets`, `modifier`, `empire_species`, `empire_jobs`
[INFO] [stdout] 
[INFO] [stdout] 
[INFO] [stdout] error[E0609]: no field `jobs` on type `&mut EmpireOptimization`
[INFO] [stdout]    --> src/empire_optimization.rs:142:38
[INFO] [stdout]     |
[INFO] [stdout] 142 |         let ids:Vec<EOrd> = (0..self.jobs.len() * self.species.len()).map(
[INFO] [stdout]     |                                      ^^^^ unknown field
[INFO] [stdout]     |
[INFO] [stdout]     = note: available fields are: `planets`, `modifier`, `empire_species`, `empire_jobs`
[INFO] [stdout] 
[INFO] [stdout] 
[INFO] [stdout] error[E0609]: no field `species` on type `&mut EmpireOptimization`
[INFO] [stdout]    --> src/empire_optimization.rs:142:56
[INFO] [stdout]     |
[INFO] [stdout] 142 |         let ids:Vec<EOrd> = (0..self.jobs.len() * self.species.len()).map(
[INFO] [stdout]     |                                                        ^^^^^^^ unknown field
[INFO] [stdout]     |
[INFO] [stdout]     = note: available fields are: `planets`, `modifier`, `empire_species`, `empire_jobs`
[INFO] [stdout] 
[INFO] [stdout] 
[INFO] [stdout] error[E0609]: no field `jobs` on type `&mut EmpireOptimization`
[INFO] [stdout]    --> src/empire_optimization.rs:145:54
[INFO] [stdout]     |
[INFO] [stdout] 145 |                 species_id: self.species[indx / self.jobs.len()].species.id
[INFO] [stdout]     |                                                      ^^^^ unknown field
[INFO] [stdout]     |
[INFO] [stdout]     = note: available fields are: `planets`, `modifier`, `empire_species`, `empire_jobs`
[INFO] [stdout] 
[INFO] [stdout] 
[INFO] [stdout] error[E0609]: no field `jobs` on type `&mut EmpireOptimization`
[INFO] [stdout]    --> src/empire_optimization.rs:144:30
[INFO] [stdout]     |
[INFO] [stdout] 144 |                 job_id: self.jobs[indx % self.jobs.len()].job.id,
[INFO] [stdout]     |                              ^^^^ unknown field
[INFO] [stdout]     |
[INFO] [stdout]     = note: available fields are: `planets`, `modifier`, `empire_species`, `empire_jobs`
[INFO] [stdout] 
[INFO] [stdout] 
[INFO] [stdout] error[E0609]: no field `jobs` on type `&mut EmpireOptimization`
[INFO] [stdout]    --> src/empire_optimization.rs:144:47
[INFO] [stdout]     |
[INFO] [stdout] 144 |                 job_id: self.jobs[indx % self.jobs.len()].job.id,
[INFO] [stdout]     |                                               ^^^^ unknown field
[INFO] [stdout]     |
[INFO] [stdout]     = note: available fields are: `planets`, `modifier`, `empire_species`, `empire_jobs`
[INFO] [stdout] 
[INFO] [stdout] 
[INFO] [stdout] error[E0609]: no field `species` on type `&mut EmpireOptimization`
[INFO] [stdout]    --> src/empire_optimization.rs:145:34
[INFO] [stdout]     |
[INFO] [stdout] 145 |                 species_id: self.species[indx / self.jobs.len()].species.id
[INFO] [stdout]     |                                  ^^^^^^^ unknown field
[INFO] [stdout]     |
[INFO] [stdout]     = note: available fields are: `planets`, `modifier`, `empire_species`, `empire_jobs`
[INFO] [stdout] 
[INFO] [stdout] 
[INFO] [stdout] error[E0609]: no field `jobs` on type `&mut EmpireOptimization`
[INFO] [stdout]    --> src/empire_optimization.rs:145:54
[INFO] [stdout]     |
[INFO] [stdout] 145 |                 species_id: self.species[indx / self.jobs.len()].species.id
[INFO] [stdout]     |                                                      ^^^^ unknown field
[INFO] [stdout]     |
[INFO] [stdout]     = note: available fields are: `planets`, `modifier`, `empire_species`, `empire_jobs`
[INFO] [stdout] 
[INFO] [stdout] 
[INFO] [stdout] error[E0277]: the trait bound `empire::Modifier: Convertable` is not satisfied
[INFO] [stdout]    --> src/empire_optimization.rs:188:73
[INFO] [stdout]     |
[INFO] [stdout] 188 |         let planet_job_priorities = mul(imperial_species_job_priorities,&self.modifier,true);
[INFO] [stdout]     |                                     ---                                 ^^^^^^^^^^^^^^ the trait `Convertable` is not implemented for `empire::Modifier`
[INFO] [stdout]     |                                     |
[INFO] [stdout]     |                                     required by a bound introduced by this call
[INFO] [stdout]     |
[INFO] [stdout]     = help: the following other types implement trait `Convertable`:
[INFO] [stdout]               Array<T>
[INFO] [stdout]               bool
[INFO] [stdout]               f32
[INFO] [stdout]               f64
[INFO] [stdout]               i16
[INFO] [stdout]               i32
[INFO] [stdout]               i64
[INFO] [stdout]               num_complex::Complex<f32>
[INFO] [stdout]             and 5 others
[INFO] [stdout] note: required by a bound in `arrayfire::mul`
[INFO] [stdout]    --> /opt/rustwide/cargo-home/registry/src/index.crates.io-6f17d22bba15001f/arrayfire-3.7.0/src/arith/mod.rs:480:1
[INFO] [stdout]     |
[INFO] [stdout] 480 | overloaded_binary_func!("Multiplication of two Arrays", mul, mul_helper, af_mul);
[INFO] [stdout]     | ^^^^^^^^^^^^^^^^^^^^^^^^^^^^^^^^^^^^^^^^^^^^^^^^^^^^^^^^---^^^^^^^^^^^^^^^^^^^^^
[INFO] [stdout]     | |                                                       |
[INFO] [stdout]     | |                                                       required by a bound in this function
[INFO] [stdout]     | required by this bound in `mul`
[INFO] [stdout]     = note: this error originates in the macro `overloaded_binary_func` (in Nightly builds, run with -Z macro-backtrace for more info)
[INFO] [stdout] 
[INFO] [stdout] 
[INFO] [stdout] error[E0277]: the trait bound `empire::Modifier: Convertable` is not satisfied
[INFO] [stdout]    --> src/empire_optimization.rs:188:37
[INFO] [stdout]     |
[INFO] [stdout] 188 |         let planet_job_priorities = mul(imperial_species_job_priorities,&self.modifier,true);
[INFO] [stdout]     |                                     ^^^ the trait `Convertable` is not implemented for `empire::Modifier`
[INFO] [stdout]     |
[INFO] [stdout]     = help: the following other types implement trait `Convertable`:
[INFO] [stdout]               Array<T>
[INFO] [stdout]               bool
[INFO] [stdout]               f32
[INFO] [stdout]               f64
[INFO] [stdout]               i16
[INFO] [stdout]               i32
[INFO] [stdout]               i64
[INFO] [stdout]               num_complex::Complex<f32>
[INFO] [stdout]             and 5 others
[INFO] [stdout] 
[INFO] [stdout] 
[INFO] [stdout] error[E0277]: the trait bound `empire::Modifier: Convertable` is not satisfied
[INFO] [stdout]    --> src/empire_optimization.rs:188:73
[INFO] [stdout]     |
[INFO] [stdout] 188 |         let planet_job_priorities = mul(imperial_species_job_priorities,&self.modifier,true);
[INFO] [stdout]     |                                     ---                                 ^^^^^^^^^^^^^^ the trait `Convertable` is not implemented for `empire::Modifier`
[INFO] [stdout]     |                                     |
[INFO] [stdout]     |                                     required by a bound introduced by this call
[INFO] [stdout]     |
[INFO] [stdout]     = help: the following other types implement trait `Convertable`:
[INFO] [stdout]               Array<T>
[INFO] [stdout]               bool
[INFO] [stdout]               f32
[INFO] [stdout]               f64
[INFO] [stdout]               i16
[INFO] [stdout]               i32
[INFO] [stdout]               i64
[INFO] [stdout]               num_complex::Complex<f32>
[INFO] [stdout]             and 5 others
[INFO] [stdout] note: required by a bound in `arrayfire::mul`
[INFO] [stdout]    --> /opt/rustwide/cargo-home/registry/src/index.crates.io-6f17d22bba15001f/arrayfire-3.7.0/src/arith/mod.rs:480:1
[INFO] [stdout]     |
[INFO] [stdout] 480 | overloaded_binary_func!("Multiplication of two Arrays", mul, mul_helper, af_mul);
[INFO] [stdout]     | ^^^^^^^^^^^^^^^^^^^^^^^^^^^^^^^^^^^^^^^^^^^^^^^^^^^^^^^^---^^^^^^^^^^^^^^^^^^^^^
[INFO] [stdout]     | |                                                       |
[INFO] [stdout]     | |                                                       required by a bound in this function
[INFO] [stdout]     | required by this bound in `mul`
[INFO] [stdout]     = note: this error originates in the macro `overloaded_binary_func` (in Nightly builds, run with -Z macro-backtrace for more info)
[INFO] [stdout] 
[INFO] [stdout] 
[INFO] [stdout] error[E0277]: the trait bound `empire::Modifier: Convertable` is not satisfied
[INFO] [stdout]    --> src/empire_optimization.rs:188:37
[INFO] [stdout]     |
[INFO] [stdout] 188 |         let planet_job_priorities = mul(imperial_species_job_priorities,&self.modifier,true);
[INFO] [stdout]     |                                     ^^^ the trait `Convertable` is not implemented for `empire::Modifier`
[INFO] [stdout]     |
[INFO] [stdout]     = help: the following other types implement trait `Convertable`:
[INFO] [stdout]               Array<T>
[INFO] [stdout]               bool
[INFO] [stdout]               f32
[INFO] [stdout]               f64
[INFO] [stdout]               i16
[INFO] [stdout]               i32
[INFO] [stdout]               i64
[INFO] [stdout]               num_complex::Complex<f32>
[INFO] [stdout]             and 5 others
[INFO] [stdout] 
[INFO] [stdout] 
[INFO] [stdout] error[E0277]: the trait bound `Vec<String>: std::marker::Copy` is not satisfied
[INFO] [stdout]    --> src/main.rs:311:46
[INFO] [stdout]     |
[INFO] [stdout] 311 |         let mut tiers:[Vec<String>;TIERS] = [Vec::new();TIERS];
[INFO] [stdout]     |                                              ^^^^^^^^^^ the trait `std::marker::Copy` is not implemented for `Vec<String>`
[INFO] [stdout]     |
[INFO] [stdout]     = note: the `Copy` trait is required because this value will be copied for each element of the array
[INFO] [stdout]     = help: consider creating a new `const` item and initializing it with the result of the function call to be used in the repeat position, like `const VAL: Type = const_fn();` and `let x = [VAL; 42];`
[INFO] [stdout]     = help: create an inline `const` block, see RFC #2920 <https://github.com/rust-lang/rfcs/pull/2920> for more information
[INFO] [stdout] 
[INFO] [stdout] 
[INFO] [stdout] error[E0277]: the trait bound `Vec<String>: std::marker::Copy` is not satisfied
[INFO] [stdout]    --> src/main.rs:311:46
[INFO] [stdout]     |
[INFO] [stdout] 311 |         let mut tiers:[Vec<String>;TIERS] = [Vec::new();TIERS];
[INFO] [stdout]     |                                              ^^^^^^^^^^ the trait `std::marker::Copy` is not implemented for `Vec<String>`
[INFO] [stdout]     |
[INFO] [stdout]     = note: the `Copy` trait is required because this value will be copied for each element of the array
[INFO] [stdout]     = help: consider creating a new `const` item and initializing it with the result of the function call to be used in the repeat position, like `const VAL: Type = const_fn();` and `let x = [VAL; 42];`
[INFO] [stdout]     = help: create an inline `const` block, see RFC #2920 <https://github.com/rust-lang/rfcs/pull/2920> for more information
[INFO] [stdout] 
[INFO] [stdout] 
[INFO] [stdout] error[E0277]: the trait bound `Arc<Job>: std::marker::Copy` is not satisfied
[INFO] [stdout]    --> src/main.rs:565:46
[INFO] [stdout]     |
[INFO] [stdout] 565 |     let mut jobs_arr: [Arc<Job>;JOBS_MAX] = [Arc::new(Job::default());JOBS_MAX];
[INFO] [stdout]     |                                              ^^^^^^^^^^^^^^^^^^^^^^^^ the trait `std::marker::Copy` is not implemented for `Arc<Job>`
[INFO] [stdout]     |
[INFO] [stdout]     = note: the `Copy` trait is required because this value will be copied for each element of the array
[INFO] [stdout] 
[INFO] [stdout] 
[INFO] [stdout] error[E0308]: mismatched types
[INFO] [stdout]    --> src/main.rs:596:13
[INFO] [stdout]     |
[INFO] [stdout] 596 |             af_print!("",species.modifier);
[INFO] [stdout]     |             ^^^^^^^^^^^^^^^^^^^^^^^^^^^^^^
[INFO] [stdout]     |             |
[INFO] [stdout]     |             expected `&Array<_>`, found `&Modifier`
[INFO] [stdout]     |             arguments to this function are incorrect
[INFO] [stdout]     |
[INFO] [stdout]     = note: expected reference `&Array<_>`
[INFO] [stdout]                found reference `&empire::Modifier`
[INFO] [stdout] note: function defined here
[INFO] [stdout]    --> /opt/rustwide/cargo-home/registry/src/index.crates.io-6f17d22bba15001f/arrayfire-3.7.0/src/array.rs:645:8
[INFO] [stdout]     |
[INFO] [stdout] 645 | pub fn print_gen<T: HasAfEnum>(msg: String, input: &Array<T>, precision: Option<i32>) {
[INFO] [stdout]     |        ^^^^^^^^^
[INFO] [stdout]     = note: this error originates in the macro `af_print` (in Nightly builds, run with -Z macro-backtrace for more info)
[INFO] [stdout] 
[INFO] [stdout] 
[INFO] [stdout] error[E0277]: the trait bound `Arc<Job>: std::marker::Copy` is not satisfied
[INFO] [stdout]    --> src/main.rs:565:46
[INFO] [stdout]     |
[INFO] [stdout] 565 |     let mut jobs_arr: [Arc<Job>;JOBS_MAX] = [Arc::new(Job::default());JOBS_MAX];
[INFO] [stdout]     |                                              ^^^^^^^^^^^^^^^^^^^^^^^^ the trait `std::marker::Copy` is not implemented for `Arc<Job>`
[INFO] [stdout]     |
[INFO] [stdout]     = note: the `Copy` trait is required because this value will be copied for each element of the array
[INFO] [stdout] 
[INFO] [stdout] 
[INFO] [stdout] error: aborting due to 22 previous errors; 5 warnings emitted
[INFO] [stdout] 
[INFO] [stdout] 
[INFO] [stdout] Some errors have detailed explanations: E0277, E0308, E0425, E0609, E0658.
[INFO] [stdout] 
[INFO] [stdout] For more information about an error, try `rustc --explain E0277`.
[INFO] [stdout] 
[INFO] [stdout] error[E0308]: mismatched types
[INFO] [stdout]    --> src/main.rs:596:13
[INFO] [stdout]     |
[INFO] [stdout] 596 |             af_print!("",species.modifier);
[INFO] [stdout]     |             ^^^^^^^^^^^^^^^^^^^^^^^^^^^^^^
[INFO] [stdout]     |             |
[INFO] [stdout]     |             expected `&Array<_>`, found `&Modifier`
[INFO] [stdout]     |             arguments to this function are incorrect
[INFO] [stdout]     |
[INFO] [stdout]     = note: expected reference `&Array<_>`
[INFO] [stdout]                found reference `&empire::Modifier`
[INFO] [stdout] note: function defined here
[INFO] [stdout]    --> /opt/rustwide/cargo-home/registry/src/index.crates.io-6f17d22bba15001f/arrayfire-3.7.0/src/array.rs:645:8
[INFO] [stdout]     |
[INFO] [stdout] 645 | pub fn print_gen<T: HasAfEnum>(msg: String, input: &Array<T>, precision: Option<i32>) {
[INFO] [stdout]     |        ^^^^^^^^^
[INFO] [stdout]     = note: this error originates in the macro `af_print` (in Nightly builds, run with -Z macro-backtrace for more info)
[INFO] [stdout] 
[INFO] [stdout] 
[INFO] [stderr] error: could not compile `stellaris-performance-test` (bin "stellaris-performance-test") due to 23 previous errors; 5 warnings emitted
[INFO] [stderr] warning: build failed, waiting for other jobs to finish...
[INFO] [stdout] error: aborting due to 22 previous errors; 5 warnings emitted
[INFO] [stdout] 
[INFO] [stdout] 
[INFO] [stdout] Some errors have detailed explanations: E0277, E0308, E0425, E0609, E0658.
[INFO] [stdout] 
[INFO] [stdout] For more information about an error, try `rustc --explain E0277`.
[INFO] [stdout] 
[INFO] [stderr] error: could not compile `stellaris-performance-test` (bin "stellaris-performance-test" test) due to 23 previous errors; 5 warnings emitted
[INFO] running `Command { std: "docker" "inspect" "3f2ad70dbbba8f7e8eb95bb47a9c5c07ca5a1301a1ecba44eefd5b1f741b089c", kill_on_drop: false }`
[INFO] running `Command { std: "docker" "rm" "-f" "3f2ad70dbbba8f7e8eb95bb47a9c5c07ca5a1301a1ecba44eefd5b1f741b089c", kill_on_drop: false }`
[INFO] [stdout] 3f2ad70dbbba8f7e8eb95bb47a9c5c07ca5a1301a1ecba44eefd5b1f741b089c
